{"id":634,"date":"2025-12-29T16:46:43","date_gmt":"2025-12-29T16:46:43","guid":{"rendered":"https:\/\/www.revitalita.es\/?page_id=634"},"modified":"2026-04-15T16:54:00","modified_gmt":"2026-04-15T14:54:00","slug":"el-centro","status":"publish","type":"page","link":"https:\/\/revitalita.es\/?page_id=634","title":{"rendered":"El Espacio"},"content":{"rendered":"\n<h2 class=\"wp-block-heading\">Un ecosistema de bio-regeneraci\u00f3n<\/h2>\n\n\n\n<p><strong>El contraste absoluto: Calma en el centro de la acci\u00f3n<\/strong><\/p>\n\n\n\n<p>Nuestro espacio es un secreto bien guardado. Ubicados estrat\u00e9gicamente en el interior de <strong>BASIC-FIT<\/strong>, hemos dise\u00f1ado la ant\u00edtesis del ruido y el esfuerzo f\u00edsico. Cruzar nuestro umbral es cambiar de frecuencia. Hemos creado una <strong>c\u00e1psula de aislamiento sensorial<\/strong> donde el entorno de gimnasio desaparece. Pasas de la actividad fren\u00e9tica a un ecosistema \u00edntimo, habitado por plantas y envuelto en la aromaterapia de <strong>VAGHEGGI<\/strong>.<\/p>\n\n\n\n<p>\u200bAqu\u00ed, la ac\u00fastica cambia: sustituimos el ruido exterior por sonidos ancestrales de flauta y frecuencias relajantes que \u00abbajan el volumen\u00bb de tu mente al instante.<\/p>\n\n\n\n<p>ReVitalit\u00e0 no es grande, es un espacio <strong>concentrado<\/strong>. Un entorno dise\u00f1ado al mil\u00edmetro para que la <strong>Terapia Manual<\/strong> y la <strong>Bio-Est\u00e9tica<\/strong> trabajen sin distracciones. Es el lugar donde vienes a devolver a tu cuerpo la energ\u00eda que el d\u00eda a d\u00eda demanda.<\/p>\n\n\n\n<p><em>\u00abReequilibra tu cuerpo.&nbsp;Restaura tu piel.&nbsp;Revitaliza tu d\u00eda.\u00bb<\/em><\/p>\n\n\n\n<div class=\"wp-block-columns is-layout-flex wp-container-core-columns-is-layout-9d6595d7 wp-block-columns-is-layout-flex\">\n<div class=\"wp-block-column is-layout-flow wp-block-column-is-layout-flow\"><\/div>\n\n\n\n<div class=\"wp-block-column is-layout-flow wp-block-column-is-layout-flow\"><\/div>\n<\/div>\n\n\n\n<p>\ud83d\udcf2 <strong><a href=\"https:\/\/wa.me\/34655081131?text=Hola,%20he%20visto%20la%20web%20y%20me%20gustar\u00eda%20reservar%20una%20cita\">Reserva tu cita<\/a><\/strong><\/p>\n\n\n\n<div class=\"wp-block-columns is-layout-flex wp-container-core-columns-is-layout-9d6595d7 wp-block-columns-is-layout-flex\">\n<div class=\"wp-block-column is-layout-flow wp-block-column-is-layout-flow\"><\/div>\n\n\n\n<div class=\"wp-block-column is-layout-flow wp-block-column-is-layout-flow\"><\/div>\n<\/div>\n\n\n\n<p><strong><a href=\"https:\/\/revitalita.es\/?page_id=558\">FILOSOF\u00cdA<\/a><\/strong><\/p>\n\n\n\n<p><strong><a href=\"https:\/\/revitalita.es\/?page_id=589\">CONOCE A RENATA<\/a><\/strong><\/p>\n\n\n\n<p><\/p>\n","protected":false},"excerpt":{"rendered":"<p>Un ecosistema de bio-regeneraci\u00f3n El contraste absoluto: Calma en el centro de la acci\u00f3n Nuestro espacio es un secreto bien guardado. Ubicados estrat\u00e9gicamente en el interior de BASIC-FIT, hemos dise\u00f1ado la ant\u00edtesis del ruido y el esfuerzo f\u00edsico. Cruzar nuestro umbral es cambiar de frecuencia. Hemos creado una c\u00e1psula de aislamiento sensorial donde el entorno de gimnasio desaparece. Pasas de la actividad fren\u00e9tica a un ecosistema \u00edntimo, habitado por plantas y envuelto en la aromaterapia de VAGHEGGI. \u200bAqu\u00ed, la ac\u00fastica &hellip; <\/p>\n","protected":false},"author":1,"featured_media":1383,"parent":0,"menu_order":0,"comment_status":"closed","ping_status":"closed","template":"","meta":{"footnotes":""},"class_list":["post-634","page","type-page","status-publish","has-post-thumbnail","hentry"],"yoast_head":"<!-- This site is optimized with the Yoast SEO plugin v27.4 - https:\/\/yoast.com\/product\/yoast-seo-wordpress\/ -->\n<title>El Espacio -<\/title>\n<meta name=\"robots\" content=\"index, follow, max-snippet:-1, max-image-preview:large, max-video-preview:-1\" \/>\n<link rel=\"canonical\" href=\"https:\/\/revitalita.es\/?page_id=634\" \/>\n<meta property=\"og:locale\" content=\"es_ES\" \/>\n<meta property=\"og:type\" content=\"article\" \/>\n<meta property=\"og:title\" content=\"El Espacio -\" \/>\n<meta property=\"og:description\" content=\"Un ecosistema de bio-regeneraci\u00f3n El contraste absoluto: Calma en el centro de la acci\u00f3n Nuestro espacio es un secreto bien guardado. Ubicados estrat\u00e9gicamente en el interior de BASIC-FIT, hemos dise\u00f1ado la ant\u00edtesis del ruido y el esfuerzo f\u00edsico. Cruzar nuestro umbral es cambiar de frecuencia. Hemos creado una c\u00e1psula de aislamiento sensorial donde el entorno de gimnasio desaparece. Pasas de la actividad fren\u00e9tica a un ecosistema \u00edntimo, habitado por plantas y envuelto en la aromaterapia de VAGHEGGI. \u200bAqu\u00ed, la ac\u00fastica &hellip;\" \/>\n<meta property=\"og:url\" content=\"https:\/\/revitalita.es\/?page_id=634\" \/>\n<meta property=\"article:modified_time\" content=\"2026-04-15T14:54:00+00:00\" \/>\n<meta property=\"og:image\" content=\"https:\/\/revitalita.es\/wp-content\/uploads\/2026\/04\/AISelect_20260406_222928_Canva-1.jpg\" \/>\n\t<meta property=\"og:image:width\" content=\"941\" \/>\n\t<meta property=\"og:image:height\" content=\"524\" \/>\n\t<meta property=\"og:image:type\" content=\"image\/jpeg\" \/>\n<meta name=\"twitter:card\" content=\"summary_large_image\" \/>\n<meta name=\"twitter:label1\" content=\"Tiempo de lectura\" \/>\n\t<meta name=\"twitter:data1\" content=\"1 minuto\" \/>\n<script type=\"application\/ld+json\" class=\"yoast-schema-graph\">{\"@context\":\"https:\\\/\\\/schema.org\",\"@graph\":[{\"@type\":\"WebPage\",\"@id\":\"https:\\\/\\\/revitalita.es\\\/?page_id=634\",\"url\":\"https:\\\/\\\/revitalita.es\\\/?page_id=634\",\"name\":\"El Espacio -\",\"isPartOf\":{\"@id\":\"https:\\\/\\\/revitalita.es\\\/#website\"},\"primaryImageOfPage\":{\"@id\":\"https:\\\/\\\/revitalita.es\\\/?page_id=634#primaryimage\"},\"image\":{\"@id\":\"https:\\\/\\\/revitalita.es\\\/?page_id=634#primaryimage\"},\"thumbnailUrl\":\"https:\\\/\\\/revitalita.es\\\/wp-content\\\/uploads\\\/2026\\\/04\\\/AISelect_20260406_222928_Canva-1.jpg\",\"datePublished\":\"2025-12-29T16:46:43+00:00\",\"dateModified\":\"2026-04-15T14:54:00+00:00\",\"breadcrumb\":{\"@id\":\"https:\\\/\\\/revitalita.es\\\/?page_id=634#breadcrumb\"},\"inLanguage\":\"es\",\"potentialAction\":[{\"@type\":\"ReadAction\",\"target\":[\"https:\\\/\\\/revitalita.es\\\/?page_id=634\"]}]},{\"@type\":\"ImageObject\",\"inLanguage\":\"es\",\"@id\":\"https:\\\/\\\/revitalita.es\\\/?page_id=634#primaryimage\",\"url\":\"https:\\\/\\\/revitalita.es\\\/wp-content\\\/uploads\\\/2026\\\/04\\\/AISelect_20260406_222928_Canva-1.jpg\",\"contentUrl\":\"https:\\\/\\\/revitalita.es\\\/wp-content\\\/uploads\\\/2026\\\/04\\\/AISelect_20260406_222928_Canva-1.jpg\",\"width\":941,\"height\":524},{\"@type\":\"BreadcrumbList\",\"@id\":\"https:\\\/\\\/revitalita.es\\\/?page_id=634#breadcrumb\",\"itemListElement\":[{\"@type\":\"ListItem\",\"position\":1,\"name\":\"Portada\",\"item\":\"https:\\\/\\\/revitalita.es\\\/\"},{\"@type\":\"ListItem\",\"position\":2,\"name\":\"El Espacio\"}]},{\"@type\":\"WebSite\",\"@id\":\"https:\\\/\\\/revitalita.es\\\/#website\",\"url\":\"https:\\\/\\\/revitalita.es\\\/\",\"name\":\"\",\"description\":\"\",\"potentialAction\":[{\"@type\":\"SearchAction\",\"target\":{\"@type\":\"EntryPoint\",\"urlTemplate\":\"https:\\\/\\\/revitalita.es\\\/?s={search_term_string}\"},\"query-input\":{\"@type\":\"PropertyValueSpecification\",\"valueRequired\":true,\"valueName\":\"search_term_string\"}}],\"inLanguage\":\"es\"}]}<\/script>\n<!-- \/ Yoast SEO plugin. -->","yoast_head_json":{"title":"El Espacio -","robots":{"index":"index","follow":"follow","max-snippet":"max-snippet:-1","max-image-preview":"max-image-preview:large","max-video-preview":"max-video-preview:-1"},"canonical":"https:\/\/revitalita.es\/?page_id=634","og_locale":"es_ES","og_type":"article","og_title":"El Espacio -","og_description":"Un ecosistema de bio-regeneraci\u00f3n El contraste absoluto: Calma en el centro de la acci\u00f3n Nuestro espacio es un secreto bien guardado. Ubicados estrat\u00e9gicamente en el interior de BASIC-FIT, hemos dise\u00f1ado la ant\u00edtesis del ruido y el esfuerzo f\u00edsico. Cruzar nuestro umbral es cambiar de frecuencia. Hemos creado una c\u00e1psula de aislamiento sensorial donde el entorno de gimnasio desaparece. Pasas de la actividad fren\u00e9tica a un ecosistema \u00edntimo, habitado por plantas y envuelto en la aromaterapia de VAGHEGGI. \u200bAqu\u00ed, la ac\u00fastica &hellip;","og_url":"https:\/\/revitalita.es\/?page_id=634","article_modified_time":"2026-04-15T14:54:00+00:00","og_image":[{"width":941,"height":524,"url":"https:\/\/revitalita.es\/wp-content\/uploads\/2026\/04\/AISelect_20260406_222928_Canva-1.jpg","type":"image\/jpeg"}],"twitter_card":"summary_large_image","twitter_misc":{"Tiempo de lectura":"1 minuto"},"schema":{"@context":"https:\/\/schema.org","@graph":[{"@type":"WebPage","@id":"https:\/\/revitalita.es\/?page_id=634","url":"https:\/\/revitalita.es\/?page_id=634","name":"El Espacio -","isPartOf":{"@id":"https:\/\/revitalita.es\/#website"},"primaryImageOfPage":{"@id":"https:\/\/revitalita.es\/?page_id=634#primaryimage"},"image":{"@id":"https:\/\/revitalita.es\/?page_id=634#primaryimage"},"thumbnailUrl":"https:\/\/revitalita.es\/wp-content\/uploads\/2026\/04\/AISelect_20260406_222928_Canva-1.jpg","datePublished":"2025-12-29T16:46:43+00:00","dateModified":"2026-04-15T14:54:00+00:00","breadcrumb":{"@id":"https:\/\/revitalita.es\/?page_id=634#breadcrumb"},"inLanguage":"es","potentialAction":[{"@type":"ReadAction","target":["https:\/\/revitalita.es\/?page_id=634"]}]},{"@type":"ImageObject","inLanguage":"es","@id":"https:\/\/revitalita.es\/?page_id=634#primaryimage","url":"https:\/\/revitalita.es\/wp-content\/uploads\/2026\/04\/AISelect_20260406_222928_Canva-1.jpg","contentUrl":"https:\/\/revitalita.es\/wp-content\/uploads\/2026\/04\/AISelect_20260406_222928_Canva-1.jpg","width":941,"height":524},{"@type":"BreadcrumbList","@id":"https:\/\/revitalita.es\/?page_id=634#breadcrumb","itemListElement":[{"@type":"ListItem","position":1,"name":"Portada","item":"https:\/\/revitalita.es\/"},{"@type":"ListItem","position":2,"name":"El Espacio"}]},{"@type":"WebSite","@id":"https:\/\/revitalita.es\/#website","url":"https:\/\/revitalita.es\/","name":"","description":"","potentialAction":[{"@type":"SearchAction","target":{"@type":"EntryPoint","urlTemplate":"https:\/\/revitalita.es\/?s={search_term_string}"},"query-input":{"@type":"PropertyValueSpecification","valueRequired":true,"valueName":"search_term_string"}}],"inLanguage":"es"}]}},"_links":{"self":[{"href":"https:\/\/revitalita.es\/index.php?rest_route=\/wp\/v2\/pages\/634","targetHints":{"allow":["GET"]}}],"collection":[{"href":"https:\/\/revitalita.es\/index.php?rest_route=\/wp\/v2\/pages"}],"about":[{"href":"https:\/\/revitalita.es\/index.php?rest_route=\/wp\/v2\/types\/page"}],"author":[{"embeddable":true,"href":"https:\/\/revitalita.es\/index.php?rest_route=\/wp\/v2\/users\/1"}],"replies":[{"embeddable":true,"href":"https:\/\/revitalita.es\/index.php?rest_route=%2Fwp%2Fv2%2Fcomments&post=634"}],"version-history":[{"count":38,"href":"https:\/\/revitalita.es\/index.php?rest_route=\/wp\/v2\/pages\/634\/revisions"}],"predecessor-version":[{"id":1469,"href":"https:\/\/revitalita.es\/index.php?rest_route=\/wp\/v2\/pages\/634\/revisions\/1469"}],"wp:featuredmedia":[{"embeddable":true,"href":"https:\/\/revitalita.es\/index.php?rest_route=\/wp\/v2\/media\/1383"}],"wp:attachment":[{"href":"https:\/\/revitalita.es\/index.php?rest_route=%2Fwp%2Fv2%2Fmedia&parent=634"}],"curies":[{"name":"wp","href":"https:\/\/api.w.org\/{rel}","templated":true}]}}